 -2*l - 508. Let o be 27 - (12/(-2) + 3). Let f = 64 - o. Calculate the highest common factor of m and f.
34
Suppose 11*z = 5*z + 66. Let l be ((-15)/((-180)/56))/((-10)/(-1155)). What is the greatest common factor of l and z?
11
Suppose 21*j + 10 - 19 - 33 = 0. What is the highest common factor of j and 53?
1
Let v = 114 - 10. Let i(m) = -m**3 - m**2 - m + 13. Let h be (-1 - -1)/(2/1). Let d be i(h). Calculate the highest common factor of d and v.
13
Suppose 18983 = 12*g + 4*g - 55753. What is the greatest common factor of g and 346?
173
Suppose -3*s - 2*h = -73, 0*s = -s - 5*h + 7. What is the greatest common factor of 1377 and s?
27
Suppose -2*w + 260 = -g, 4*w = 65*g - 64*g + 524. Suppose b + 11*o - 361 = 14*o, 3*b = 5*o + 1071. What is the greatest common factor of b and w?
44
Let y be ((-25)/3 - -9)*((-1154)/(-4) - 2). What is the greatest common factor of 1337 and y?
191
Suppose 307*t = 126*t + 543. What is the greatest common divisor of t and 52?
1
Let t(b) = -b**3 - 3*b**2 + 4*b + 4. Let j be t(-4). Let o(y) = y - 3 - 2*y + 2*y**2 + 1. Let h be o(-2). Calculate the highest common factor of j and h.
4
Suppose -15*j = 295 + 1010. Let o = 673 + j. Suppose 0 = -3*m - 2*s + 6*s + 436, -o = -4*m + 3*s. What is the greatest common divisor of m and 37?
37
Suppose 5*p = 2*p + 12. Suppose -p*c - 5*o + 1847 = 0, 3*c - o - 1409 = -0*o. Suppose c - 138 = 10*x. What is the highest common factor of x and 99?
33
Suppose 34 - 36 = -d. Suppose 3*l + d*g - 4 = 0, 4*l - 5*g + 10 = 3*l. Suppose -3*q + 10 + 2 = l. What is the highest common divisor of 44 and q?
4
Suppose -13*b = 45 - 488 - 155. What is the highest common factor of 11799 and b?
23
Let c = 763 + -747. Calculate the greatest common divisor of c and 56.
8
Suppose 45*o - 12 = 43*o, 3*k = 3*o + 3090. Calculate the greatest common factor of 21 and k.
7
Let b be 1 + 2 + -5 - (535/(-5) - -3). What is the greatest common divisor of 12138 and b?
102
Let u = 172 + -121. Suppose 1162*n - 32 = -2*y + 1164*n, -3*y - n = -52. Calculate the highest common divisor of u and y.
17
Let w be 3 - ((8/(-28))/(6/42))/2. Calculate the greatest common divisor of 4100 and w.
4
Let f = -108 - -1818. Calculate the greatest common factor of f and 90.
90
Let z(v) = -17*v - 271. Let w = -267 + 229. Let u be z(w). Calculate the highest common divisor of 15 and u.
15
Suppose -89*u = -105546 - 300205. Calculate the highest common divisor of 47 and u.
47
Suppose -11*r = 201*r - 1696. Calculate the highest common divisor of r and 1528.
8
Let p = 31 - 41. Let r be (-4798)/p + (-5)/(-25). Suppose 0 = -0*l + 5*l - r. Calculate the highest common divisor of 12 and l.
12
Let o = 68 - -68. Suppose 0 = -a - 2*c - 139, 3*c = -2*a + a - o. Let i be (-2)/(-7) - a/7. Calculate the greatest common factor of i and 189.
21
Suppose -h + 26 = 24. Let y = h + 43. Calculate the greatest common divisor of 315 and y.
45
Let u be ((-548680)/33)/29*(2 + 21/(-6)). What is the highest common factor of u and 1376?
172
Suppose -4*k = v - 56 - 732, 2*k = v - 758. What is the highest common factor of v and 48?
48
Let a be ((-5)/((-45)/(-228)))/((-20)/(-510)). Let o = a + 1246. Calculate the greatest common divisor of o and 24.
24
Let u(l) = 830*l + 3374. Let n be u(-4). Suppose 3*r = 5*g + 103, 46 = r + 2*g + 8. Calculate the highest common divisor of r and n.
18
Let w be -520*177/(-6) + 24/3. What is the highest common factor of 12 and w?
12
Let f = 577 - 374. Suppose 4*v - 2*y = 107 + f, 3*y = -5*v + 360. Calculate the highest common divisor of 975 and v.
75
Let b be (-520)/(-910)*(-21)/(-2). Let u be (1 + -3)*(1 + -82). What is the highest common divisor of b and u?
6
Let t(g) = -10*g**2 - 169*g + 61. Let n be t(-17). What is the highest common factor of 16 and n?
4
Let y be (-2 - -232) + (-3 - -4). Let n be 9/(-18)*(-28 - -6)*3. What is the greatest common divisor of n and y?
33
Let u = -115 + 115. Suppose u = -11*g + 53 + 871. Suppose -3*b - g = -2*q + 53, -5*b + 329 = 4*q. What is the highest common factor of 38 and q?
38
Let n(v) = -v**2 - 17*v - 36. Let q be n(-15). Let g be (q/4)/((-48)/512). Let d be 7*((-5 - -5) + 8). What is the highest common divisor of d and g?
8
Suppose -103 = -3*p + 5*y + 378, 0 = 3*p - y - 461. Let r = 4 + -34. Let u = r + 49. What is the highest common divisor of u and p?
19
Suppose 25 = -8*z + 3*z + 5*m, z + m - 3 = 0. Let k be (z + 21/(-2))*(-23 + -3). Calculate the greatest common divisor of 13 and k.
13
Let c be 69/7 + (-8)/(-56). Suppose c*m - 5*m - 190 = -2*y, -3*y = 2*m - 296. Calculate the highest common divisor of y and 80.
20
Let o = -1414 - -1443. Calculate the greatest common divisor of o and 4031.
29
Let l be ((-6 - -7) + 3/(-6))*52208/13. What is the highest common factor of 2 and l?
2
Let a(x) = 56*x**2 - x - 2. Let d be a(-2). Let g be (33 + -40 - -23) + (-7 + -1)/1. Calculate the greatest common factor of d and g.
8
Let u(i) = -i**2 - 12*i + 13. Let j be u(-11). Let y = -101 - -128. Suppose 168 = y*h - j*h. Calculate the highest common divisor of h and 8.
8
Let y(i) = i**3 - 9*i**2 + 19*i + 6. Let x(o) = o**3 + o**2 - o + 6. Let w be x(0). Let s be y(w). Calculate the greatest common divisor of s and 12.
12
Let t = -243 - -379. Suppose 0 = 4*h + 4*h - t. Suppose -h - 31 = -o. Calculate the greatest common divisor of o and 6.
6
Let b be ((-1140)/(-36))/(20/216). What is the highest common factor of b and 36?
18
Let f(j) = -724*j + 1011. Let h be f(-23). Calculate the greatest common divisor of h and 17.
17
Suppose 0 = v - 211 - 427. Let r be ((232/(-9))/2)/(1522/(-6849)). What is the highest common factor of r and v?
58
Suppose -57*u - 59*u = -10288 + 2632. What is the highest common factor of u and 99?
33
Let b(q) = 4*q**2 + 80*q + 456. Let s be b(-6). Suppose -9*v + h = -7*v - 77, 0 = 3*v + 4*h - 132. What is the greatest common divisor of v and s?
40
Let u be (-10)/60 + (-65341)/(-6) - -3 - -6. Calculate the highest common divisor of 63 and u.
63
Let x = -92 - -98. Suppose -x*f = -171 + 21. Calculate the highest common factor of 25 and f.
25
Suppose 9754 = 22*l + 382. Calculate the greatest common divisor of 1136 and l.
142
Suppose -66*k = -58*k - 88. Let q be (-6)/(-3)*880/k. What is the highest common factor of q and 30?
10
Let c(m) be the first derivative of 4*m**3/3 + 23*m**2/2 - 3*m + 1. Let j be c(-13). Calculate the highest common divisor of j and 22.
22
Let f = -92 + 330. Let t = 273 - f. Suppose 4 - 60 = -4*l + 2*i, -4*l + 56 = 5*i. Calculate the greatest common factor of l and t.
7
Let j(b) = -6*b + 352. Let w be j(44). Let a(s) = -3*s - 4*s + 4*s + 2. Let z be a(-2). What is the highest common factor of z and w?
8
Let q(r) = 641*r**2 + 9*r + 5. Let p be q(-1). What is the greatest common factor of p and 182?
91
Let a = 511 + 86. Let h = -422 + a. What is the highest common factor of 100 and h?
25
Let w = 7765 + -7714. Calculate the highest common divisor of 1581 and w.
51
Let p be ((-417)/(-21) - 20) + -1 + (-6134)/(-14). Calculate the highest common factor of p and 1691.
19
Suppose 25 = 19*x - 13. Suppose 202 = 3*d - x*b - 274, -5*b = -3*d + 488. What is the greatest common factor of d and 260?
52
Let f = -224 - -802. Suppose 0*n + 4*n + f = 3*y, -4*y - 4*n = -780. Suppose 2*m + j = 3*m - 58, 3*m + j = y. Calculate the highest common divisor of m and 7.
7
Suppose t = 4*i + 900, t + 0*i - 904 = 5*i. What is the greatest common factor of t and 102?
34
Let d be 160/15 - (-1)/3. Suppose 10*y - d*y + 140 = 0. Calculate the greatest common divisor of y and 40.
20
Let k be (-6 + 6 - -7172) + 2*-2. Let g be (k/(-49))/(-8) - (-4)/(-14). Calculate the greatest common divisor of 9 and g.
9
Let h = -378548 - -378626. Let d = 64 - 12. Calculate the highest common factor of d and h.
26
Let o = 19 + 2. Suppose 3*w + 79 = 5*m - 0*w, m = -2*w + o. Let h be (27/(-45))/(3 + -3*766/765). What is the greatest common divisor of h and m?
17
Let s = -410 + 806. Let w be 4*4/(-12)*(-99)/6. Calculate the greatest common divisor of s and w.
22
Suppose 25*s - 158*s + 32955 = 8483. Suppose 4*a = 2*u + 86, -10 - 10 = -a + u. Calculate the greatest common divisor of a and s.
23
Let r be 2260/75 + (1/(-6))/(660/528). Let n = 2 + -3. Let h(v) = -5*v. Let g be h(n). Calculate the highest common factor of g and r.
5
Le